{"id":11724,"date":"2025-09-18T18:36:28","date_gmt":"2025-09-18T18:36:28","guid":{"rendered":"https:\/\/hotelokeanis.gr\/?page_id=11724"},"modified":"2025-09-18T18:55:32","modified_gmt":"2025-09-18T18:55:32","slug":"evros-deltasi","status":"publish","type":"page","link":"https:\/\/hotelokeanis.gr\/index.php\/tr\/evros-deltasi\/","title":{"rendered":"Evros Deltas\u0131"},"content":{"rendered":"\t\t<div data-elementor-type=\"wp-page\" data-elementor-id=\"11724\" class=\"elementor elementor-11724\">\n\t\t\t\t\t\t\t\t\t<section class=\"wd-negative-gap elementor-section elementor-top-section elementor-element elementor-element-15be4fc elementor-section-boxed elementor-section-height-default elementor-section-height-default wd-section-disabled\" data-id=\"15be4fc\" data-element_type=\"section\">\n\t\t\t\t\t\t<div class=\"elementor-container elementor-column-gap-default\">\n\t\t\t\t\t<div class=\"elementor-column elementor-col-100 elementor-top-column elementor-element elementor-element-e82fbd5\" data-id=\"e82fbd5\" data-element_type=\"column\">\n\t\t\t<div class=\"elementor-widget-wrap elementor-element-populated\">\n\t\t\t\t\t\t\t\t<div class=\"elementor-element elementor-element-796ded8 elementor-widget elementor-widget-wd_image_or_svg\" data-id=\"796ded8\" data-element_type=\"widget\" data-widget_type=\"wd_image_or_svg.default\">\n\t\t\t\t<div class=\"elementor-widget-container\">\n\t\t\t\n\t\t<div class=\"wd-image text-left\">\n\t\t\t\t\t\t\t\t<img loading=\"lazy\" decoding=\"async\" width=\"1200\" height=\"354\" src=\"https:\/\/hotelokeanis.gr\/wp-content\/uploads\/2025\/09\/slider1-bg-e1661765947267.jpg\" class=\"attachment-full size-full\" alt=\"\" srcset=\"https:\/\/hotelokeanis.gr\/wp-content\/uploads\/2025\/09\/slider1-bg-e1661765947267.jpg 1200w, https:\/\/hotelokeanis.gr\/wp-content\/uploads\/2025\/09\/slider1-bg-e1661765947267-400x118.jpg 400w, https:\/\/hotelokeanis.gr\/wp-content\/uploads\/2025\/09\/slider1-bg-e1661765947267-768x227.jpg 768w\" sizes=\"auto, (max-width: 1200px) 100vw, 1200px\" \/>\t\t\t\t\t<\/div>\n\n\t\t\t\t<\/div>\n\t\t\t\t<\/div>\n\t\t\t\t\t<\/div>\n\t\t<\/div>\n\t\t\t\t\t\t\t<\/div>\n\t\t<\/section>\n\t\t\t\t<section class=\"wd-negative-gap elementor-section elementor-top-section elementor-element elementor-element-358f598 elementor-section-boxed elementor-section-height-default elementor-section-height-default wd-section-disabled\" data-id=\"358f598\" data-element_type=\"section\">\n\t\t\t\t\t\t<div class=\"elementor-container elementor-column-gap-default\">\n\t\t\t\t\t<div class=\"elementor-column elementor-col-100 elementor-top-column elementor-element elementor-element-f2c589c\" data-id=\"f2c589c\" data-element_type=\"column\">\n\t\t\t<div class=\"elementor-widget-wrap elementor-element-populated\">\n\t\t\t\t\t\t\t\t<div class=\"elementor-element elementor-element-f956cef elementor-widget elementor-widget-wd_title\" data-id=\"f956cef\" data-element_type=\"widget\" data-widget_type=\"wd_title.default\">\n\t\t\t\t<div class=\"elementor-widget-container\">\n\t\t\t\t\t\t<link rel=\"stylesheet\" id=\"wd-section-title-css\" href=\"https:\/\/hotelokeanis.gr\/wp-content\/themes\/woodmart\/css\/parts\/el-section-title.min.css?ver=7.0.3\" type=\"text\/css\" media=\"all\" \/> \t\t\t\t\t<div class=\"title-wrapper set-mb-s reset-last-child wd-title-color-default wd-title-style-default wd-title-size-default text-center\">\n\n\t\t\t\n\t\t\t<div class=\"liner-continer\">\n\t\t\t\t<h4 class=\"woodmart-title-container title wd-fontsize-l\">Evros Deltas\u0131 \u2013 Korunan alan<\/h4> \n\t\t\t\t\t\t\t<\/div>\n\n\t\t\t\t\t<\/div>\n\t\t\t\t<\/div>\n\t\t\t\t<\/div>\n\t\t\t\t\t<\/div>\n\t\t<\/div>\n\t\t\t\t\t\t\t<\/div>\n\t\t<\/section>\n\t\t\t\t<section class=\"wd-negative-gap elementor-section elementor-top-section elementor-element elementor-element-93f7661 elementor-section-boxed elementor-section-height-default elementor-section-height-default wd-section-disabled\" data-id=\"93f7661\" data-element_type=\"section\">\n\t\t\t\t\t\t<div class=\"elementor-container elementor-column-gap-default\">\n\t\t\t\t\t<div class=\"elementor-column elementor-col-100 elementor-top-column elementor-element elementor-element-8a6ccaf\" data-id=\"8a6ccaf\" data-element_type=\"column\">\n\t\t\t<div class=\"elementor-widget-wrap elementor-element-populated\">\n\t\t\t\t\t\t\t\t<div class=\"elementor-element elementor-element-238f316 elementor-widget elementor-widget-wd_text_block\" data-id=\"238f316\" data-element_type=\"widget\" data-widget_type=\"wd_text_block.default\">\n\t\t\t\t<div class=\"elementor-widget-container\">\n\t\t\t\t\t\t<link rel=\"stylesheet\" id=\"wd-text-block-css\" href=\"https:\/\/hotelokeanis.gr\/wp-content\/themes\/woodmart\/css\/parts\/el-text-block.min.css?ver=7.0.3\" type=\"text\/css\" media=\"all\" \/> \t\t\t\t\t<div class=\"wd-text-block reset-last-child text-left\">\n\t\t\t\n\t\t\t\n\t\t\t\t\t<\/div>\n\t\t\t\t<\/div>\n\t\t\t\t<\/div>\n\t\t\t\t\t<link rel=\"stylesheet\" id=\"wd-int-el-animations-css\" href=\"https:\/\/hotelokeanis.gr\/wp-content\/themes\/woodmart\/css\/parts\/int-elem-el-animations.min.css?ver=7.0.3\" type=\"text\/css\" media=\"all\" \/> \t\t\t\t\t<div class=\"elementor-element elementor-element-ec276bc elementor-invisible elementor-widget elementor-widget-wd_text_block\" data-id=\"ec276bc\" data-element_type=\"widget\" data-settings=\"{&quot;_animation&quot;:&quot;fadeInRight&quot;}\" data-widget_type=\"wd_text_block.default\">\n\t\t\t\t<div class=\"elementor-widget-container\">\n\t\t\t\t\t<div class=\"wd-text-block reset-last-child text-left\">\n\t\t\t\n\t\t\t<section class=\"elementor-section elementor-top-section elementor-element elementor-element-cb75424 elementor-section-boxed elementor-section-height-default elementor-section-height-default\" data-id=\"cb75424\" data-element_type=\"section\">\n<div class=\"elementor-container elementor-column-gap-default\">\n<div class=\"elementor-column elementor-col-100 elementor-top-column elementor-element elementor-element-11aa5e9\" data-id=\"11aa5e9\" data-element_type=\"column\">\n<div class=\"elementor-widget-wrap elementor-element-populated\">\n<div class=\"elementor-element elementor-element-1d08808 elementor-widget elementor-widget-text-editor animated fadeInLeft\" data-id=\"1d08808\" data-element_type=\"widget\" data-settings=\"{&quot;_animation&quot;:&quot;fadeInLeft&quot;}\" data-widget_type=\"text-editor.default\">\n<div class=\"elementor-widget-container\">\n<div class=\"entry-description\">\n<div class=\"elementor elementor-10681\" data-elementor-type=\"wp-post\" data-elementor-id=\"10681\">\n<section class=\"elementor-section elementor-top-section elementor-element elementor-element-7b551b3 elementor-section-boxed elementor-section-height-default elementor-section-height-default\" data-id=\"7b551b3\" data-element_type=\"section\">\n<div class=\"elementor-container elementor-column-gap-default\">\n<div class=\"elementor-column elementor-col-100 elementor-top-column elementor-element elementor-element-49b7742\" data-id=\"49b7742\" data-element_type=\"column\">\n<div class=\"elementor-widget-wrap elementor-element-populated\">\n<div class=\"elementor-element elementor-element-8a8024e elementor-drop-cap-yes elementor-drop-cap-view-default elementor-widget elementor-widget-text-editor\" data-id=\"8a8024e\" data-element_type=\"widget\" data-settings=\"{&quot;drop_cap&quot;:&quot;yes&quot;,&quot;_animation&quot;:&quot;none&quot;}\" data-widget_type=\"text-editor.default\">\n<div class=\"elementor-widget-container\">\n<div class=\"entry-description\">\n<div class=\"elementor elementor-10709\" data-elementor-type=\"wp-post\" data-elementor-id=\"10709\">\n<section class=\"elementor-section elementor-top-section elementor-element elementor-element-daabd15 elementor-section-boxed elementor-section-height-default elementor-section-height-default\" data-id=\"daabd15\" data-element_type=\"section\">\n<div class=\"elementor-container elementor-column-gap-default\">\n<div class=\"elementor-column elementor-col-100 elementor-top-column elementor-element elementor-element-0eb44d8\" data-id=\"0eb44d8\" data-element_type=\"column\">\n<div class=\"elementor-widget-wrap elementor-element-populated\">\n<div class=\"elementor-element elementor-element-bd01f52 elementor-drop-cap-yes elementor-drop-cap-view-default elementor-widget elementor-widget-text-editor\" data-id=\"bd01f52\" data-element_type=\"widget\" data-settings=\"{&quot;drop_cap&quot;:&quot;yes&quot;}\" data-widget_type=\"text-editor.default\">\n<div class=\"elementor-widget-container\">\n<p>Evros ilinin g\u00fcneydo\u011fu ucunda, T\u00fcrkiye s\u0131n\u0131r\u0131nda yer alan Evros Nehri, uluslararas\u0131 ekolojik \u00f6neme sahip geni\u015f bir delta olu\u015fturur. Deltada toplam 28 amfibi ve s\u00fcr\u00fcngen t\u00fcr\u00fc, 40'tan fazla memeli t\u00fcr\u00fc ve 46 bal\u0131k t\u00fcr\u00fc kaydedilmi\u015ftir.<\/p>\n<p>Sadece Yunanistan'\u0131n de\u011fil, Avrupa'n\u0131n da en \u00f6nemli sulak alanlar\u0131ndan biridir. Bar\u0131nd\u0131rd\u0131\u011f\u0131 \u00f6nemli t\u00fcrler nedeniyle 95.000 hektarl\u0131k (80.000 hektar kara ve 15.000 hektar su y\u00fczeyi) bir alan Uluslararas\u0131 Ramsar S\u00f6zle\u015fmesi'nin koruma alanlar\u0131 listesine dahil edilmi\u015ftir. Ayr\u0131ca, Delta'n\u0131n bir k\u0131sm\u0131 \u00d6zel Koruma Alan\u0131 olarak s\u0131n\u0131fland\u0131r\u0131lm\u0131\u015f ve Natura 2000 A\u011f\u0131'nda Topluluk \u0130lgi Alan\u0131 olarak \u00f6nerilmektedir.<\/p>\n<p>Y\u0131l\u0131n her d\u00f6neminde binlerce ku\u015f, Evros Deltas\u0131'nda bar\u0131nak ve yiyecek bulmaktad\u0131r.<\/p>\n<p>A\u015fa\u011f\u0131daki karakteristik habitatlar ay\u0131rt edilebilir:<\/p>\n<\/div>\n<\/div>\n<div class=\"elementor-element elementor-element-f6c96d8 elementor-icon-list--layout-traditional elementor-list-item-link-full_width elementor-widget elementor-widget-icon-list\" data-id=\"f6c96d8\" data-element_type=\"widget\" data-widget_type=\"icon-list.default\">\n<div class=\"elementor-widget-container\">\n<ul class=\"elementor-icon-list-items\">\n<li>Nehir k\u0131y\u0131s\u0131 bitki \u00f6rt\u00fcs\u00fc<\/li>\n<li>Uysal \u00e7al\u0131l\u0131klar<br \/>Sazl\u0131kl\u0131 \u0131slak \u00e7ay\u0131rlar<\/li>\n<li>Tuzlu - ac\u0131 sular\u0131n su alt\u0131 bitki \u00f6rt\u00fcs\u00fc<\/li>\n<li>Lag\u00fcnlerin - tatl\u0131 sular\u0131n bitki \u00f6rt\u00fcs\u00fc<\/li>\n<li>Halofitik bitki \u00f6rt\u00fcs\u00fc<br \/>Kumlu bitki \u00f6rt\u00fcs\u00fc<\/li>\n<\/ul>\n<\/div>\n<\/div>\n<div class=\"elementor-element elementor-element-146f35c elementor-widget elementor-widget-text-editor\" data-id=\"146f35c\" data-element_type=\"widget\" data-widget_type=\"text-editor.default\">\n<div class=\"elementor-widget-container\">\n<p>Evros Deltas\u0131 Bilgi Merkezi'nde ziyaret\u00e7iler, y\u0131l boyunca g\u00fcnl\u00fck g\u00fczergahlarda d\u00fczenlenen organize turlara kat\u0131lma f\u0131rsat\u0131na sahiptir. Turlar, bilgilendirici bir video g\u00f6sterimi, Y\u00f6netim Kurulu'nun otob\u00fcs\u00fcyle sulak alana kadar e\u015flik etme ve geleneksel sallarla su yolu rotas\u0131n\u0131 i\u00e7erir. Tur s\u0131ras\u0131nda ziyaret\u00e7ilere teleskop ve d\u00fcrb\u00fcn gibi uygun g\u00f6zlem ekipmanlar\u0131 sa\u011flan\u0131r.<\/p>\n<\/div>\n<\/div>\n<\/div>\n<\/div>\n<\/div>\n<\/section>\n<\/div>\n<\/div>\n<\/div>\n<\/div>\n<\/div>\n<\/div>\n<\/div>\n<\/section>\n<\/div>\n<\/div>\n<\/div>\n<\/div>\n<\/div>\n<\/div>\n<\/div>\n<\/section>\n\t\t\t\t\t<\/div>\n\t\t\t\t<\/div>\n\t\t\t\t<\/div>\n\t\t\t\t\t<\/div>\n\t\t<\/div>\n\t\t\t\t\t\t\t<\/div>\n\t\t<\/section>\n\t\t\t\t\t\t\t<\/div>\n\t\t","protected":false},"excerpt":{"rendered":"<p>Evros Deltas\u0131 \u2013 Korunan alan Evros ilinin g\u00fcneydo\u011fu ucunda, T\u00fcrkiye s\u0131n\u0131r\u0131nda yer alan Evros Nehri, uluslararas\u0131 ekolojik \u00f6neme sahip geni\u015f<\/p>\n","protected":false},"author":1,"featured_media":0,"parent":0,"menu_order":0,"comment_status":"closed","ping_status":"closed","template":"","meta":{"footnotes":""},"class_list":["post-11724","page","type-page","status-publish","hentry"],"_links":{"self":[{"href":"https:\/\/hotelokeanis.gr\/index.php\/wp-json\/wp\/v2\/pages\/11724","targetHints":{"allow":["GET"]}}],"collection":[{"href":"https:\/\/hotelokeanis.gr\/index.php\/wp-json\/wp\/v2\/pages"}],"about":[{"href":"https:\/\/hotelokeanis.gr\/index.php\/wp-json\/wp\/v2\/types\/page"}],"author":[{"embeddable":true,"href":"https:\/\/hotelokeanis.gr\/index.php\/wp-json\/wp\/v2\/users\/1"}],"replies":[{"embeddable":true,"href":"https:\/\/hotelokeanis.gr\/index.php\/wp-json\/wp\/v2\/comments?post=11724"}],"version-history":[{"count":7,"href":"https:\/\/hotelokeanis.gr\/index.php\/wp-json\/wp\/v2\/pages\/11724\/revisions"}],"predecessor-version":[{"id":11732,"href":"https:\/\/hotelokeanis.gr\/index.php\/wp-json\/wp\/v2\/pages\/11724\/revisions\/11732"}],"wp:attachment":[{"href":"https:\/\/hotelokeanis.gr\/index.php\/wp-json\/wp\/v2\/media?parent=11724"}],"curies":[{"name":"wp","href":"https:\/\/api.w.org\/{rel}","templated":true}]}}